37
Let s(f) = -7*f**3 + 2*f**2 + 5*f + 5. Let i(b) = 2*b**3 + b + 1. Let m(d) = 4*i(d) - s(d). Suppose -4*u = -7 - 1. List the prime factors of m(u).
109
Suppose -4*b + 280*n - 281*n + 36763 = 0, 27553 = 3*b - 2*n. List the prime factors of b.
3, 1021
Suppose 7*s - 4 = 17. Suppose s*z - 5*i - 636 = 0, 3*z + 2*z - 1050 = 5*i. Suppose -932 = -5*b - z. What are the prime factors of b?
5, 29
Let q = 14756 - 6325. List the prime factors of q.
8431
Let q be (-10 - -6 - -7)*5/3. Suppose -4*n = -q*u + 3783, 5*n = 4*u - 1708 - 1322. List the prime factors of u.
5, 151
Let a = 341 - 339. Suppose 0 = 5*x + a*v - 801, -63 = -2*x + 5*v + 269. What are the prime factors of x?
7, 23
Suppose -q + 197 = -4*d, 2*d - 2*q + 114 - 20 = 0. Let c = -50 - d. List the prime factors of ((-303)/(-2) - c) + 24/16.
3, 17
Let o = 562 + -400. Suppose -3*y + 4*m + o = 0, 4*y - 122 - 94 = -3*m. What are the prime factors of y?
2, 3
Suppose 4*z - 3*s - 23441 = 0, 29*s = 26*s + 15. What are the prime factors of z?
2, 733
Let m = -99 + 135. Suppose 0 = -n + 5*n - m. Suppose n*w + w = 1360. List the prime factors of w.
2, 17
Let k(t) = 572*t + 2734. List the prime factors of k(32).
2, 67, 157
Let f(k) = 12*k - 30*k + 38 + k**2 + 26*k. What are the prime factors of f(-9)?
47
Suppose -3*v + 1 = -17, -v = 6*r - 89964. List the prime factors of r.
11, 29, 47
Suppose 12*m - 1290 = 6*m. Let b = m - -144. Let a = -223 + b. List the prime factors of a.
2, 17
Let c be (-20)/(-12)*(-7 - 2). Let b(d) be the first derivative of -d**3/3 - 15*d**2/2 + 17*d + 515. What are the prime factors of b(c)?
17
Let t(j) = 29*j**2 - 128*j - 3977. What are the prime factors of t(-34)?
109, 311
Let q(l) = l**2 + 4*l - 5. Let m be q(2). Suppose 1148 + 2317 = m*k. List the prime factors of k.
3, 5, 11
Let a(c) = 535*c**2 - 653*c + 3885. What are the prime factors of a(6)?
3, 13, 17, 29
Let x = -11396 - -20046. List the prime factors of x.
2, 5, 173
What are the prime factors of (2148/(-18))/((-21)/((-31059)/(-34)))?
29, 179
Let c = 50670 - 28189. Suppose 37*r + 2020 = c. What are the prime factors of r?
7, 79
Let k be 954/30*5 + (-2)/(-2). What are the prime factors of (-1)/(-8) + 97420/k?
3, 7, 29
Suppose -6*a + 5448 = 954. Suppose 80 - a = -3*i. What are the prime factors of i?
223
Let l(h) be the first derivative of h**3/3 + 39*h**2/2 - 24*h - 17. Let r be l(-23). Let c = -199 - r. List the prime factors of c.
193
Let m(k) = 5*k**2 - 35*k - 291. What are the prime factors of m(-24)?
3, 127
Let q = -194 - -197. List the prime factors of (q + -1 + (-2)/(-4))*122.
5, 61
Let m(y) = -20*y - 6. Let q be m(0). Let c(s) = s**2 + s - 1. Let j(x) = -7*x**2 - 8*x + 6. Let i(w) = -4*c(w) - j(w). List the prime factors of i(q).
2, 41
Let p = 30 - -61. Suppose -2*o - j + 162 = j, o = j + p. Suppose o + 103 = 3*v. List the prime factors of v.
3, 7
Suppose -54263 = 50*i - 460738 + 21075. List the prime factors of i.
2, 41, 47
Suppose 0 = 264*u - 252*u - 1020. List the prime factors of ((-2)/15*21)/((-2)/u).
7, 17
Let o = 22161 + -8684. What are the prime factors of o?
13477
Suppose -24277*d + 24246*d + 947670 = 0. List the prime factors of d.
2, 3, 5, 1019
Let w = 19 + -20. Let c(t) = -431*t**3 + t + 1. What are the prime factors of c(w)?
431
Let v(p) = -p**2 - 28*p - 18. Let h be v(-27). Let w(b) = 2*b**3 - 17*b**2 - 8*b - 7. What are the prime factors of w(h)?
2
Let g(w) = -w**3 - 6*w**2 + 5*w + 39. Let h be g(-6). List the prime factors of h/27 + 600/9.
67
Let c(t) be the third derivative of -t**4/24 - 4*t**3/3 - 18*t**2. Let j be c(-5). List the prime factors of (5/10)/(j/12)*-31.
2, 31
Let t(w) = -885*w - 152. List the prime factors of t(-8).
2, 433
Let f(s) = -2*s**2 - 12*s + 15. Let q be f(-12). Let x = 454 + q. List the prime factors of x.
5, 13
Suppose 5*g - 7*g - 8 = 0. Let k be (-5 - (g + 2))/(6/(-8)). What are the prime factors of (42/1)/(k + (-5 - -2))?
2, 3, 7
Let w(g) = 1015*g + 1424. What are the prime factors of w(16)?
2, 3, 23
Let h(r) = -3*r**2 + 2*r**2 - 26 + 17*r - 2*r + 8*r + r. Suppose 1 + 41 = 2*u - 3*d, -5*d = 5*u - 80. What are the prime factors of h(u)?
2, 41
Let j(y) = 25*y**2 + 211*y - 8273. What are the prime factors of j(44)?
49411
Let n(q) = -5*q + 1. Suppose 183 - 273 = 6*z. List the prime factors of n(z).
2, 19
Let c(a) = 615*a + 350. Let t(p) = -44*p - 25. Let x(g) = 6*c(g) + 85*t(g). List the prime factors of x(-4).
5, 7
Suppose -9 = 2*z + 33. Let l = -14 - z. What are the prime factors of (-8)/(-28) + 89/l?
13
What are the prime factors of (-164845)/(-15) - 64/(-48)?
29, 379
Suppose -7*s + 5*s = -108. Let m(q) = 24 - q**2 - s + 22 - 18*q. List the prime factors of m(-9).
73
Let x(u) = 29*u**2 - u. Let h be x(1). Let p be 6/(-8) - 7/h. What are the prime factors of 84 + (p - -4) + 0?
3, 29
Suppose k = 2*j - 2, 3*j + 2 + 1 = 3*k. Let c be (-2)/j*(-33 + -3). Suppose 158 = a + c. List the prime factors of a.
2, 67
Suppose 567*b = 569*b + 3*k - 17283, -3*b = -2*k - 25892. What are the prime factors of b?
2, 3, 1439
Suppose -34*m + 2195271 = 5*m + 48*m. List the prime factors of m.
3, 13, 647
Let w = 24920 + -24221. Suppose -g - 7 = -5*f + 11, 16 = 4*g + 2*f. Suppose 2*x = -x - 4*s + w, -2*x + 466 = g*s. What are the prime factors of x?
233
Let s(o) = o**2 - o - 19. Suppose 3*t + 65 = 119. Suppose -2*p + m - 25 = 0, -8*p - 5*m - t = -5*p. What are the prime factors of s(p)?
113
Let m(r) = 336*r - 19. Let j be m(-2). Let n = j - -1224. List the prime factors of n.
13, 41
Let j(d) = d**3 - 109*d**2 + 396*d + 675. What are the prime factors of j(107)?
20149
Let n(k) = k**2 + 3*k - 1. Let c be n(1). Suppose c*a - 7*a = -1300. Suppose 7*s - a = 2*s. List the prime factors of s.
5, 13
Let s = 1767 + -1071. Let l = s + -396. List the prime factors of l.
2, 3, 5
List the prime factors of (32202/(-10))/((-66)/550) + 9.
2, 3, 2237
Suppose -14 = -4*q + 154. Suppose -121 = -6*t + 89. Let k = q + t. List the prime factors of k.
7, 11
Suppose 0 = -58*o + 11*o + 29751. Let d = -448 + o. What are the prime factors of d?
5, 37
Let z(i) be the second derivative of 7*i**4/12 + 8*i**3/3 - 43*i**2/2 + i + 3. What are the prime factors of z(6)?
5, 61
Suppose 16*q + 793 + 983 = 0. What are the prime factors of 7507/4 + q/(-12) + -9?
1877
Suppose -60 = -146*o + 141*o. Suppose 527 = d + 2*a, 0 = -9*d + o*d + 5*a - 1579. List the prime factors of d.
523
Let x be 43918/(-28) + (-3)/2. Let u = -763 - x. What are the prime factors of u?
3, 269
Let w(t) = -2*t + 9. Let z be w(5). Let k be (4 + (-34)/8)*-244 + z. Suppose -9*l + k = -7*l. List the prime factors of l.
2, 3, 5
List the prime factors of (-4)/((-50)/(-5) - 6)*-4327.
4327
Let n(m) = -6*m - 35. Suppose -13*y + 14*y = -20. What are the prime factors of n(y)?
5, 17
Let i(m) be the first derivative of -m**4/4 - m**3/3 + 778*m + 147. List the prime factors of i(0).
2, 389
Let u be (-1 - 44/(-20))/((-1)/45). Suppose -14*i + 13*i = -157. Let w = i + u. List the prime factors of w.
103
Let z = -1817 - -3732. Let f = -544 + z. What are the prime factors of f?
3, 457
Let h(u) be the first derivative of 3/2*u**4 - 4*u - 3/2*u**2 - 2/3*u**3 + 22. List the prime factors of h(3).
131
Let k = -58 + -559. Let c = -280 - k. What are the prime factors of c?
337
Let v(g) = 20528*g - 2824. List the prime factors of v(2).
2, 3, 59
Suppose -4*q = -u + 26, 2*u - 5*u = 4*q - 14. Suppose 0 = 2*t + 4*i - 38, 3*t + 5*i - u - 42 = 0. Suppose -t*h = -14*h + 320. List the prime factors of h.
2
Suppose 7*g + 280140 = 77*g. List the prime factors of g.
2, 3, 23, 29
Let g(s) = -s**3 - 7*s**2 + 26*s - 301. List the prime factors of g(-36).
19, 1913
Let s = 9135 + -2112. What are the prime factors of s?
3, 2341
List the prime factors of 126/(-84)*59870/(-3).
5, 5987
Let o(r) = 93*r**2 - 10*r - 19. Let q = 360 + -363. List the prime factors of o(q).
2, 53
Suppose a - 4*a = -2*z + 20, -z = 5*a + 3. Suppose -z = -2*q + 5. Suppose -q*h + 1112 = 2*h. List the prime factors of h.
139
Suppose -20*d + 305 = 74*d - 447. Suppose -3*b = -3*j - 63, -4*b - 8*j = -4*j - 108. Let w = b + d. What are the prime factors of w?
2
Let w(n) be the second derivative of 25/2*n**2 + 47*n + 0 + 1/4*n**4 + 53/6*n**3. List the prime factors of w(-21).
5, 47
Let c be (-160)/(-26) + (4 - (-864)/(-208)). Let x = -626 + 